e prime factors of l(4)?
2, 3
Suppose -2*w = 2*u - 16, 14 + 13 = 4*u - w. Let x = u + -13. List the prime factors of (x/4)/(2/(-8)).
2, 3
Suppose 21 = 3*h - 99. Suppose 0 = k + 4*k - h. Suppose 3 - k = -z. What are the prime factors of z?
5
Let z(m) = -m. List the prime factors of z(-6).
2, 3
Let k = -1 - -15. Suppose -3*b + 0 = -4*d + 32, -2*d = -b - k. What are the prime factors of d?
5
Let g = -34 - -71. What are the prime factors of g?
37
Suppose -4*t + 29 = -99. List the prime factors of t.
2
Let s(f) = f**2 - 11*f - 18. What are the prime factors of s(13)?
2
Let w = -20 - -11. What are the prime factors of (-90)/(-8) - w/12?
2, 3
Let j(v) = v**3 - 3*v + 3. Let t be j(3). Let m = t - 6. List the prime factors of m.
3, 5
Let s(d) = 10*d**3 - 4*d**2 + 6*d - 6. What are the prime factors of s(2)?
2, 5, 7
Let x = 79 - 29. List the prime factors of x.
2, 5
Suppose 4*h - 10 = 2*h. Suppose -t = h*k + 76 - 16, -2*t + 2*k - 60 = 0. What are the prime factors of t/(-3) - 10/15?
11
Let o(p) = -16*p - 8. List the prime factors of o(-3).
2, 5
Let k(m) = m**2 - 7*m + 8. Let p be k(9). Suppose -5*d + p = 6, -2*b = 3*d - 20. Suppose 0*l = l - b. List the prime factors of l.
2
Let x(o) = -2*o - 12. Let b be x(-9). Suppose -u - 2 = -5*t + b*t, 0 = u + 5*t - 14. List the prime factors of (10/(-4))/(3/u).
5
Let k(m) = -m**3 - 2*m**2 + 4*m - 1. Let o = -8 + 5. Let y be k(o). What are the prime factors of 5/3*(-1 - y)?
5
Suppose -197 = -5*d - 22. What are the prime factors of d?
5, 7
List the prime factors of 2*-1*93/(-6).
31
Suppose -25 = -7*y + 2*y. Suppose y = 5*h, 3*d - d + 2*h - 8 = 0. Suppose -2*u - 22 = -d*u - 4*g, 2*u - 9 = -g. What are the prime factors of u?
2
Let q = -21 + 62. Let p = q - 28. Suppose 2*o - 13 = 4*k + p, -k + 22 = o. What are the prime factors of o?
19
List the prime factors of 4/6 - 62/(-6).
11
Suppose -9*i + 417 = -186. List the prime factors of i.
67
Let c(l) = l**2 + 11*l + 2. List the prime factors of c(-14).
2, 11
Let k(v) be the first derivative of v**2/2 - v - 1. Let j = -2 - -7. List the prime factors of k(j).
2
Suppose -f - 1242 = -6*f - 3*z, -5*f = 5*z - 1250. Let v be f/10 - (-6)/15. Suppose -a = 4*a - v. What are the prime factors of a?
5
Suppose -4*w + 8 - 4 = 0, -2*w = 2*k - 6. Suppose -3*y - 3*p - 21 = -6*y, 0 = 2*y + 2*p - k. Let j(h) = 3*h - 1. List the prime factors of j(y).
11
Let h(i) = 4*i. What are the prime factors of h(5)?
2, 5
Let v(m) = 2*m**2 + m + 8. What are the prime factors of v(-5)?
53
Let o = -691 + 994. List the prime factors of o.
3, 101
Let r be (-1)/2 - (-28)/8. Suppose 0 = 2*u - u - r. What are the prime factors of u?
3
Let q be (-1 - 4) + 1*-2. Let j(x) = -x**3 - 7*x**2 - x + 8. What are the prime factors of j(q)?
3, 5
Suppose 6*o - 210 = o. What are the prime factors of o?
2, 3, 7
Suppose 50 = 3*d + 5*v, -2*d + 3*v + 65 = -0. Let i be (3 - 3)/((-1)/(-1)). Suppose -5*b = s - 81 + 23, -2*b - s + d = i. What are the prime factors of b?
11
Suppose 0*k = k + 5*o + 2, 4*o = -4. Suppose -k*y + 22 + 5 = 0. What are the prime factors of y?
3
Suppose -a - 6 = -4*q, -4*a + 10 + 14 = -4*q. Suppose 0 = -9*n + 4*n + a. List the prime factors of n.
2
Let n = 4 + -4. Let w = 2 + n. Suppose w*q + 7 + 2 = v, 0 = 5*v + 5*q - 45. What are the prime factors of v?
3
Let m = 73 + 3. What are the prime factors of m?
2, 19
Let i = -25 + 1. Let y be (-15)/2*16/i. Suppose y*t = 32 + 23. What are the prime factors of t?
11
Let i(u) = u**2 - 3*u - 1. Let p(k) = k**3 - 3*k + 2. Let d be p(2). Let z be i(d). Suppose z = 2*v - 17. What are the prime factors of v?
2, 5
Let j = 92 - 65. What are the prime factors of j?
3
Suppose 5*t + q + 0 = 1, 3*t = 5*q - 5. Let y = t - -2. What are the prime factors of 100/45 + y/(-9)?
2
Let z(v) = -3*v - 7. Let x be z(7). Let j = x + 40. Suppose j*s - 7*s = 80. List the prime factors of s.
2
Suppose 0*i = -4*i + 60. What are the prime factors of i?
3, 5
Let f = -118 - -400. What are the prime factors of f?
2, 3, 47
Let r be (-440)/45 - 2/9. List the prime factors of 34/10 + r/25.
3
Let b = 3 + 1. Suppose 0 = b*p - 3*h - 71, -17 - 69 = -5*p + h. What are the prime factors of p?
17
Suppose -4*m + 124 = -5*o, m - 56 = -m + 4*o. What are the prime factors of m?
2, 3
Let p(q) = -q**3 + 6*q**2 + 2. Let a = 21 + -15. Let v be p(a). Suppose -v*s + 21 = s. What are the prime factors of s?
7
Let y(b) = 23*b + 20*b + 5 - 44*b. What are the prime factors of y(-9)?
2, 7
Let p = 15 - 4. Let b = -3 + p. What are the prime factors of b?
2
Suppose 5*t = 5*p - 10, 2*p + 5*t + 1 = 12. Suppose -72 = 3*q - 7*q. Suppose -p*s + q = -12. List the prime factors of s.
2, 5
Suppose 2*j - 6*j - p + 1316 = 0, 5*j = 4*p + 1666. List the prime factors of j.
2, 3, 5, 11
Let j = 75 - 43. What are the prime factors of j?
2
Let p(a) = -a**2 - 6*a - 6. Let z be p(-4). Suppose -2*m = z*m - 8. List the prime factors of m.
2
Suppose 2*d - 1 = 5. Suppose -d*f = -3*y + 94 - 7, -f + 73 = 2*y. What are the prime factors of y/2 - 3 - 1?
13
Suppose 3*z = -5*p + 147, -52 + 143 = 2*z + p. Suppose 44 = 2*l + 5*n, l + 2*n - z = -2*l. List the prime factors of l.
2, 3
Suppose 5 = -w + 4. List the prime factors of (2 + -18)*(-2 - w).
2
Suppose -4*w = -w + 60. What are the prime factors of (44/w)/(2/(-10))?
11
Suppose 0 = 4*j - 8, q = -j - 3*j + 32. Suppose -3*w - q = w. What are the prime factors of ((-4)/w)/(6/153)?
17
Let c(f) = f**3 + f**2 + 3*f - 2. Let n be c(2). Let m = n - 8. What are the prime factors of m?
2
Suppose 3*p - 53 = 2*p. List the prime factors of p.
53
Suppose -1 = c, 4*c - 631 = -4*v - c. List the prime factors of v.
3, 53
List the prime factors of 3*9*(-3)/(-3).
3
Let x(q) = -3*q + 1. Let w be x(-1). Let g = 4 + -3. List the prime factors of 1 + g + -2 + w.
2
Suppose -4*n + 0*n = -36. List the prime factors of n.
3
Suppose 0*t - 5*t + 2*x + 13 = 0, -3*t + 3*x + 6 = 0. Let y(z) be the first derivative of -z**4/4 + z**3 + z**2 + 4*z + 1. List the prime factors of y(t).
2, 5
Suppose -a + 51 = -4. What are the prime factors of a?
5, 11
Let t(i) = 6 - i - 2 - 3 + 2*i. Let x be t(2). List the prime factors of (-1)/x + (-7)/(-3).
2
Suppose 15 = 5*y - 3*l, 3*y - 4*l - 15 = -2*y. Let v = 5 - y. Suppose v*a + 2*a = 8. List the prime factors of a.
2
Suppose -m - 1 = -4*x - 3, -6 = -3*m - 5*x. Suppose 4 = 4*u - m*u. Suppose -u*j = -0*j - 6. What are the prime factors of j?
3
Let d be (2/(-4))/((-5)/10). Let n = 6 - d. Let k(y) = -y**3 + 4*y**2 + 7*y - 7. List the prime factors of k(n).
3
Suppose 4 = 4*y, -318 = -4*x + y + 197. What are the prime factors of x?
3, 43
Let s(a) = a**2 + a - 1. Let k be s(-4). What are the prime factors of (-1 - 0)*k*-1?
11
Let g be (-4 + 4)/(1 + 0). Suppose -1 = -g*z + z. What are the prime factors of 1 + 2/(1 - z)?
2
Let h be 1/2 + 52/(-8). Let a = h + 7. List the prime factors of (-4)/4*(-2)/a.
2
Let n be (1 - (2 + -2))*5. List the prime factors of ((-6)/8)/(n/(-80)).
2, 3
Suppose 5*y - 30 = 5*h, 0*y - 2*y - 5*h - 2 = 0. Suppose -2*w - 11 = -0*w + 5*s, 38 = 4*w - 2*s. What are the prime factors of -2*(-2)/(y/w)?
7
Let c(h) = h**3 - 11*h**2 - 3. Let n be c(11). What are the prime factors of (-6)/(-2)*(-5)/n?
5
Suppose -g + 5*g + 8 = 0. Let q = 8 + g. What are the prime factors of q?
2, 3
Suppose 3*f + b - 2*b = -26, -b = -5*f - 46. Let l = -1 - f. List the prime factors of l.
3
Let a = 104 - -94. List the prime factors of 5/(-25) - a/(-15).
13
Suppose 0 = -i - 3*f + 14, 5*i = -2*f - 0*f + 31. List the prime factors of i.
5
Let h be ((-8)/6)/((-2)/108). Suppose -w - 3*w = -h. What are the prime factors of w?
2, 3
Suppose 0 = -4*t + 11 - 3. Suppose 2*g + 20 = 4*m, -4*g + t*g + 7 = 5*m. Suppose 0 = o - m*o + 18. List the prime factors of o.
3
Let x be (-369)/3*1/(-3). Suppose -2*f + 3*v + 19 = 0, v + x = -3*f + 8*f. What are the prime factors of f?
2
What are the prime factors of (-18)/36 - (-286)/4?
71
Let c(s) = -3*s**3 - 3*s**2 - 4*s - 2. Let u be c(-2). Let l(j) = -3*j**3 + 2*j**3 + 3 - u*j + 4*j**2 + 23*j + 3. List the prime factors of l(5).
2, 3
Let w be 12/(-30) - 4/(-10). Suppose -o + 5*q = -34, 36 = 4*o + 5*q - w*q. List the prime factors of o.
2, 7
Suppose 2*z - 70 = -4*o - o, 0 = 2*o. List the prime factors of z.
5, 7
Let h be (-11)/(-2) - 2/4. Suppose -h*d = -2*d - 54. What are the pri